 + 3*k + 15. Let g be (4 - n/3) + 1. Let y be b(g). Calculate m(y).
3
Suppose -21 = -4*v - 3*t + 46, 0 = -v - 3*t + 19. Let g(o) = 221 + v*o - 110 - 110. What is g(1)?
17
Let m(x) = -3*x + 6. Let r(i) = 5*i - 13. Let n(l) = -10*l + 27. Let c(h) = -2*n(h) - 5*r(h). Let q = -50 + 43. Let p(w) = q*m(w) + 4*c(w). What is p(-6)?
-4
Let g(v) = 2 - 6833*v + 6832*v + 2. Determine g(5).
-1
Let s(b) = -10*b - 10. Let n be s(-2). Let a(k) = 7 + 1 + 14*k - 3*k - n*k. What is a(-6)?
2
Let a(q) be the first derivative of 1/8*q**4 - 1/60*q**5 + 0*q + 4 + 1/6*q**3 + 3/2*q**2. Let l(k) be the second derivative of a(k). Give l(4).
-3
Suppose 0*h - n = 3*h - 26, -h + 11 = -2*n. Let b(y) = y - 7. What is b(h)?
2
Let b = -16 + 11. Let y = 6 - 2. Let k(s) = -21*s + y - s**2 - 4 + 16*s. Determine k(b).
0
Let b(y) = -241*y + 4 - 4 + 255*y. Give b(2).
28
Suppose 0 = t - o - 11, -8*o + 7*o = 2*t - 10. Let d(h) = h**2 - 11*h + 31. Calculate d(t).
3
Let z(q) = -73 + q**2 - 77 - 5*q + 139. What is z(7)?
3
Let z(s) = s**2 - 8*s - 1. Let l(p) = 9*p**2 - 4*p - 3. Let f be l(-1). Let a be (f/25)/((-1)/(-20)). Give z(a).
-1
Let v(w) = w**3 - 7*w + 3 - 7*w**2 - w**3 - w**3 + w. Suppose -4*h + q = -98, 3*h + 3*q = -11 + 92. Let z = -31 + h. Calculate v(z).
3
Let c(k) = k + 3. Let l(y) = 3*y + 26. Let a(q) = -5*c(q) + l(q). What is a(5)?
1
Suppose -2*t - 3*k = -1 - 10, 0 = 2*t + k - 17. Let c(v) = -8*v - t*v + 16*v. Determine c(-4).
8
Let r(g) = 5*g**2 + 1 + g**3 + 0 + 0. Suppose -2*m = 5*q + 15, 0 = -13*q + 17*q + 4*m. Determine r(q).
1
Let f(y) = -y - 16. Let c(o) = -o - 29. Let b(v) = 3*c(v) - 5*f(v). Calculate b(-5).
-17
Let z = 682 - 670. Let n(q) = q - 4. Determine n(z).
8
Let x(r) = 2*r**2 - 2. Let h(q) = -q**3 + 2*q**2 + 2*q - 1. Let n be h(2). What is x(n)?
16
Let l(u) = -3 + 3 - 3 - u - 3. Calculate l(-10).
4
Let m(y) = -492 - 494 + 978 - 2*y. Determine m(-6).
4
Let l(s) = 4*s - 12. Suppose -6*v - 27*v = -132. What is l(v)?
4
Let q(i) = i**3 - 14*i**2 + 3*i - 2. Let w(l) = 2*l**3 - 15*l**2 + 2*l - 3. Let t(c) = 4*q(c) - 3*w(c). Calculate t(-6).
1
Let m(w) be the first derivative of -w**4/4 + w**3/3 + w**2/2 - 60. Calculate m(3).
-15
Let f(k) = -2*k - k + 2*k**2 - k**3 + 2*k**3. Suppose -2 = 4*m + 2*o, o = 5*m - 8*m + 1. Calculate f(m).
10
Suppose -2*r + 83 = 5*k - 12, 4*r - 71 = -3*k. Suppose -k = 4*m - 1. Let h(z) be the second derivative of z**4/12 + z**3/3 - z**2 - z. Calculate h(m).
6
Let k = 12 - 8. Suppose -p + 3*p - 63 = -3*u, k*p - 5*u = 115. Suppose -o + p = 4*o. Let c(x) = x**3 - 5*x**2 - 6*x. Determine c(o).
0
Suppose 2*p + 144 = 152. Let m(i) be the second derivative of i**4/12 - i**3/2 + i**2/2 + 33*i. Give m(p).
5
Let b(x) = -16*x**2 - x. Let k be b(1). Let f = 19 + k. Let s(l) = -l**f + 0*l**2 - 3*l + 8*l**2 + 2*l. Give s(-1).
8
Suppose u = -4*q - 11, 3*u - 4*q = q + 35. Suppose 0 = u*i - 10 - 5. Let j(d) = d**3 - 6*d - i*d + 4*d + 2*d - d**2 - 2. What is j(3)?
7
Let m(j) = 5*j**3 - 8*j**2 - 3*j - 1. Let r be (-8)/3*30/(-20). Let n(h) = 6*h**3 - 9*h**2 - 4*h - 1. Let g(k) = r*n(k) - 5*m(k). Calculate g(3).
7
Let z(u) = -u**3 - 10*u**2 - 18*u - 6. Let j be z(-8). Let r(o) = o**2 - 8*o - 12. Give r(j).
8
Let u = 28 + -28. Suppose -2*f - 2*g = -0*g - 12, u = 3*f - 2*g - 38. Suppose -s + f = s. Let w(n) = n**3 - 4*n**2 - 6*n - 2. What is w(s)?
-7
Suppose 3*k - k = 0. Suppose -h + 3*u = -k*u - 9, 6 = -2*u. Let q(w) be the first derivative of -w**3/3 + w**2/2 + 7*w + 14. Give q(h).
7
Suppose -v + 5*k + 20 = 0, 4*v + k = 6 + 11. Suppose -4*o = -5*q - 25, -5*o + 28 = -v*q + 2*q. Let d(r) = r**3 - 4*r**2 - 6*r - 4. Determine d(o).
-9
Let w(f) = -2*f**2 + 3*f - 3. Let s be (-4 + 215/25)*5. Let r = -21 + s. What is w(r)?
-5
Let f be (-4)/5*(0 + -5). Let l(c) = 2 + 4*c**2 - 10*c**2 + 4*c**2 - 2*c + f*c**2. Determine l(2).
6
Let o(q) = -6*q + 7*q**2 - 6*q**2 + 7 + 7 - 4. What is o(3)?
1
Let r(w) = 4*w + w - 5 - 6*w - 2*w**3 + 5*w**2. Suppose -5*n = 8 - 3. Let f(p) = p**3 - p**2 + 1. Let u(c) = n*r(c) - 5*f(c). What is u(1)?
-2
Let y(q) = -q + 3. Let k = -200 - -205. Give y(k).
-2
Let t(x) = x**3 + 4*x**2 - 2. Let g = -37 - -26. Let s be (g - -20)*(-2)/6. What is t(s)?
7
Let d(o) = 6*o - 8. Let z be (1 - (-12)/30) + 15/25. What is d(z)?
4
Suppose 8*v - 793 + 769 = 0. Let t(w) = -2*w + 12. Give t(v).
6
Let o = -100 - -104. Let f(j) = 5*j**3 - 9*j**2 - 7*j + 5. Let a be 3/(-6) - 6/(-4). Let s(n) = -n**3 + n**2 - 1. Let h(i) = a*f(i) + o*s(i). Determine h(6).
-5
Suppose -14*n = -9*n - 20. Let z(r) = -5*r + 2. Let q(k) = -14*k + 6. Let m(a) = -3*q(a) + 8*z(a). Give m(n).
6
Let u = 44 + -39. Let c(f) = 3*f + f + 0 + u - 4. Calculate c(-1).
-3
Let i(s) = s - 1. Let k(y) = y + 1. Let n(h) = 4*h + 2. Let q(o) = -6*k(o) + 2*n(o). Let f(g) = 3*i(g) - q(g). What is f(-3)?
-4
Suppose 60*u = 306 - 6. Let p(n) = -n**2 + 7*n - 3. Determine p(u).
7
Let u(o) = 8 + 2*o + 2 - 2 - 1 - 22. Give u(0).
-15
Let g be (8/14)/((-6)/21). Let t(n) = 3*n**2 - n - 3. Calculate t(g).
11
Let p(o) = -7*o - 22. Let q(v) = 2*v + 5. Let r(d) = 2*p(d) + 9*q(d). What is r(-2)?
-7
Let n(m) = 4*m**3 + 4*m**2 + 4*m + 1. Let t = -24 + 21. Let b(s) = -5*s**3 - 5*s**2 - 5*s - 1. Let a(u) = t*b(u) - 4*n(u). What is a(0)?
-1
Let k be (-14)/(-63) + 32/18. Suppose -5*j = -0*m - m - k, 2*j = -5*m + 17. Let b(u) = m + 4*u + 1 + 6 - 2*u. Determine b(-7).
-4
Let f(m) = m - 1. Let l be f(7). Suppose -2*u = -l*u - 4*c - 4, 0 = 4*u + 3*c - 1. Let k(p) = -24 + 43 - 23 + p. Give k(u).
0
Let i(o) = -o**2 + 2 - 4 - 1 - 2*o. Suppose 4*b + 4*f = 8, f = 16*b - 20*b - 4. Give i(b).
-3
Let c(v) = -v**3 - 8*v**2 - 3*v + 9. Suppose 0 = 5*m + 5*b + 45, -4*m - 20 = 11*b - 15*b. What is c(m)?
-19
Suppose 5*i = 5, 4*y + 0*y + 2*i = -10. Let p(q) = 34 - 3*q**2 - q**3 - 36 - 2*q + 0*q**3. Give p(y).
4
Let n(a) = -a**3 - 6*a**2 + 3. Let c = -694 + 689. Calculate n(c).
-22
Let l(f) = -2*f**2 - 10*f - 3. Suppose 119 = 66*p - 83*p. Calculate l(p).
-31
Let d(a) = -a**2 - 6*a. Let c be (20/6)/((-2)/3). Let v be d(c). Let g = v - 6. Let s(n) = n**2 - 1. Give s(g).
0
Let k(h) = -h. Let y = 12 + -5. Suppose 0 = -2*z + n - 2, -y = -3*z - 0*n - n. What is k(z)?
-1
Suppose 4*w + 25 = 2*n + 27, 0 = w + n - 5. Let q(t) = -4*t + 7. What is q(w)?
-1
Let n(a) = 2*a + 7. Let l be n(-3). Let q(y) = 3*y + l - 8*y + 5*y + y**2 + 2*y. Give q(2).
9
Let g = -1415 - -16981/12. Let k(u) be the third derivative of -6*u**2 + 0*u**3 + 0 + 0*u + g*u**4. Determine k(4).
8
Suppose -5*i + 71 - 30 = j, 5*j - 21 = -2*i. Let p(n) = -n**2 + 7*n + 14. What is p(i)?
6
Let h(u) be the second derivative of -u**4/12 + u**3/2 - 5*u**2/2 + 6*u. Let r = 368 - 363. Calculate h(r).
-15
Let q = -1647 + 1649. Let w(m) be the third derivative of 0 - 11*m**q + 0*m + 1/60*m**5 + 1/6*m**4 + 0*m**3. What is w(-3)?
-3
Suppose -x - 5*j = -4*x - 37, -3*j + 7 = 2*x. Let t(i) be the second derivative of -i**5/20 - i**4/3 + i**3/2 + 3*i**2 + i. Determine t(x).
-6
Let y(h) be the second derivative of 3*h**5/20 + h**3/3 + h**2/2 - 13*h - 1. Calculate y(-1).
-4
Let k(r) = 6*r**2 - 2*r + 3. Suppose v - 3*g = -7, -4*v - 9*g + 8*g + 11 = 0. Calculate k(v).
23
Let k = 28 - 26. Let w(b) = -14 + 39 - 3*b**k - 21 + 2*b**2 - 4*b. Determine w(-7).
-17
Suppose -31*s = -38*s - 49. Let c(p) be the third derivative of p**5/60 + p**4/4 - 7*p**3/6 + p**2. Calculate c(s).
0
Let u(r) = r**2 + 8*r + 8. Let g be u(-9). Let j(w) = -3*w + 50. Let i be j(g). Let m(q) = 8*q**2 - 2*q - 1. Determine m(i).
9
Let w(j) be the first derivative of -j**3/3 - 5*j**2/2 + 8*j + 95. Determine w(-7).
-6
Let h = -1266 + 1268. Let s(j) = 12*j - 5. Calculate s(h).
19
Let j(s) = 71*s - 30. Let i(n) = 78*n - 33. Let x(z) = 10*i(z) - 11*j(z). Let q = 3 - 1. What is x(q)?
-2
Let v(l) = 7. Let x(q) = 3. Let r(k) = 4*v(k) - 9*x(k). Let a(h) be the third derivative of h**4/6 + h**3/2 + h**2. Let z(w) = -a(w) - r(w). Determine z(-3).
8
Let b(q) = 6*q + 2 + 427*q**2 - 4 + q**3 - 434*q**2. What is b(6)?
-2
Let l be (-1 - (-14)/4)*(5 - -29). Let x = -92 + l. Let f(h) = h + 9. Determine f(x).
2
Let a(q) = 2*q + 3. Let w(v) = -v - 1. Let d(s) = -s**2 + 10*s - 10. Let r be d(9). Let m(h) = r*a(h) - 3*w(h). Let c be (-7 - -6)*10*(-3)/6. Calculate m(c).
5
Let u(k) = -17*k**2 + 9*k + 1. Let i(r) = -50*r**2 + 25*r + 2. Let m(g) = -3*i(g) + 8*u(g). What 